1 - 1)*(-3 - -4). Suppose -d + 10 - 1 = x. Calculate the greatest common factor of d and g.
3
Let t be 44 + (-3 - -3 - -2). Calculate the greatest common divisor of 69 and t.
23
Suppose 3*g + 31 - 52 = 0. What is the greatest common factor of g and 1?
1
Let h be 7/((-42)/4)*-3. Suppose 2*p - 2*s = -h*p + 100, -5*p = -s - 128. What is the highest common divisor of 65 and p?
13
Let n be 65/((-20)/8 - -3). Let u be 6/(-4)*104/(-3). Calculate the highest common factor of n and u.
26
Let s be 5 + -6 - (-2)/(-2). Let j be 3/(5/(-4) - s). Let c be (1 + j/(-6))*6. What is the greatest common divisor of 2 and c?
2
Suppose -t = 5*s - 3*s + 1, 4*t + 24 = 2*s. Suppose s*w = -3*w. Suppose c + y - 9 = -w*c, -30 = -2*c + 2*y. What is the highest common factor of 60 and c?
12
Let s be 3/(-9) - 2/3. Let r be (s/(-3))/((-2)/(-42)). Suppose -5*p + 13 + r = 0. What is the highest common divisor of p and 8?
4
Let g = 11 + -7. Let k(n) = 9*n - 6. Let t be k(6). Suppose 0 = -j + 5*c + 39, -g*c = -2*j - 0*j + t. What is the greatest common divisor of 42 and j?
14
Let k = -16 - -26. Suppose -6*p + 3*p + 150 = -3*q, 250 = 5*p - 2*q. What is the greatest common divisor of p and k?
10
Let i = -11 + 23. Let a be (-2)/4 - 165/(-6). Suppose -3*t = f - i - 12, -f = 4*t - a. Calculate the highest common factor of f and 135.
15
Let d = 43 + -29. Suppose -3*l = -w + 9, -w + 4*l + 14 = -0*l. Let b be d/4 - (-3)/w. What is the highest common divisor of 2 and b?
1
Let y be (-1 + 3)/((-1)/(-24)). Calculate the greatest common divisor of 12 and y.
12
Let k(j) be the third derivative of -j**6/120 + j**5/15 + 2*j**3/3 + 3*j**2. Let m be k(3). What is the highest common divisor of m and 91?
13
Let v(o) = 2*o**2 - 8*o + 6. Let n(j) = -3*j**2 + 12*j - 9. Let p(m) = 5*n(m) + 8*v(m). Let s be p(11). What is the greatest common divisor of s and 10?
10
Suppose -11 - 133 = -2*o. What is the greatest common divisor of 9 and o?
9
Let o be (0 + 45)/((-10)/(240/(-18))). Calculate the greatest common divisor of 20 and o.
20
Suppose 6*x - 4*x = 60. Suppose i - 58 - x = 0. Calculate the greatest common divisor of i and 11.
11
Let x be (270/(-8))/(-1)*-4. Let z be x/((0 + -1)/1). Calculate the greatest common divisor of z and 15.
15
Let p = 18 - 8. Suppose -5*y = -2*g + 4, p*y = -4*g + 5*y + 38. Calculate the highest common divisor of 35 and g.
7
Suppose 3*g + 5*o - 64 = 0, 77 = 2*g + 2*g + 5*o. Let p = 1 - -3. Suppose -2*j + j = -u - 56, p*u - 192 = -4*j. What is the greatest common factor of g and j?
13
Suppose -5*l + 3 = c, 4*l + 131 = 5*c - 0*l. Calculate the greatest common divisor of 23 and c.
23
Let r be (-14*1 - 0)/(-1). Let n = -139 - -141. What is the highest common factor of r and n?
2
Let l be 5*((-3)/1)/(-3). Let n(r) = -39*r**3 + r**2 + r + 1. Let o be n(-1). Calculate the highest common factor of l and o.
5
Suppose -j + 4*l - 9 = -2*j, -j = -5*l - 9. What is the highest common factor of 45 and j?
9
Let z(f) = -1 - 8 + f**2 + 2 - 3*f. Let t be z(5). Suppose -m + 3*m = -3*r + 15, -r - 17 = -t*m. What is the greatest common factor of m and 15?
3
Let g(q) = 4*q + 1. Let w be g(5). Suppose -p = -5*i - 143, 3*p - 5*i - 149 = 330. What is the greatest common factor of p and w?
21
Let w be 6 + (-6)/(-10)*-1*5. What is the highest common factor of w and 21?
3
Let w = 239 + -149. Calculate the highest common factor of 10 and w.
10
Suppose 3*n = -0*n + 6. Let o = 64 - 42. Calculate the highest common divisor of n and o.
2
Let v(c) = 28*c - 2. Suppose 0 = -5*t - 5, 3*g = -0*g - 3*t. Let x = 5 - g. Let k be v(x). Calculate the greatest common divisor of k and 10.
10
Let j = -18 + 30. Suppose b - 3*d + j = 0, 0 = -3*b + 2*d - 5*d. Let l be 2/(-3) + (-92)/b. What is the greatest common factor of l and 6?
6
Suppose -258 = -2*b + 2*u, 6 = 3*b + u - 393. Calculate the highest common factor of b and 12.
12
Suppose -6*z - 72 = -14*z. What is the highest common divisor of z and 27?
9
Let z = -10 + 34. Let q = -8 + 15. Let k(t) = t**2 - 6*t + 1. Let p be k(q). What is the highest common factor of p and z?
8
Let o = 93 + -60. What is the greatest common divisor of 22 and o?
11
Let q = -103 - -180. Suppose 5*l = q + 13. Calculate the greatest common factor of 126 and l.
18
Suppose -b + 75 = 4*b. Let n be (6/9)/((-5)/(-900)*2). What is the highest common factor of n and b?
15
Let n(r) = 2*r**3 + 2*r**2 + r - 2. Let t be n(2). Calculate the highest common factor of 12 and t.
12
Let f(v) = 4*v**3 + 2*v - 1. Let o be f(1). Let w be -15*(-7)/84*4. Calculate the greatest common factor of o and w.
5
Let j be 98/8 - 1/4. Suppose 99 - 294 = 5*b. Let s = 75 + b. Calculate the greatest common divisor of j and s.
12
Suppose 14*w = 2115 + 657. Calculate the highest common divisor of w and 18.
18
Let k(f) = f**3 - 13*f**2 - 13*f - 9. Let p(z) = -z**3 - 10*z**2 - 10*z + 5. Let x be p(-9). Let u be k(x). What is the highest common divisor of 40 and u?
5
Let k = 116 + 159. Suppose f = -j + 4*j + 27, 14 = 2*f + 2*j. Let n = f - -13. Calculate the highest common divisor of k and n.
25
Suppose -5*r + 454 = -146. Let n be ((-10)/(-25))/(2/r). What is the highest common divisor of n and 12?
12
Suppose -5*t + 122 - 2 = 0. Calculate the greatest common divisor of t and 24.
24
Suppose 11 = 5*c - 14. Suppose 0 = c*r + 4*o - 48, 3*r - 1 = -3*o + 29. Calculate the highest common divisor of 88 and r.
8
Suppose -571 + 91 = -16*i. What is the highest common divisor of i and 40?
10
Let x be -1*(-87)/(-4 - -1). Let c = 49 + x. What is the greatest common factor of 10 and c?
10
Suppose 0 = 5*r - 287 - 388. Calculate the highest common factor of r and 15.
15
Let z(b) = 16*b**3 + b**2 - 1. Let p be z(1). Let f(r) = 5*r**2 + 2*r + 8. Let y be f(-6). What is the highest common divisor of y and p?
16
Suppose 15 = 4*c + c. Suppose 0*l + 2*l = 54. What is the greatest common divisor of l and c?
3
Suppose w = 4*w - 51. Let i(m) = -m**3 - 4*m**2 - 7. Let a be i(-5). Let s = a + -1. What is the highest common factor of s and w?
17
Let z be (5 - 5)*(0 - -1). Suppose 3*j + 3*c - 7*c = 4, z = j - 2*c + 2. Calculate the highest common divisor of j and 64.
8
Let s(g) = 2*g**2 + 3*g - 8. Let z be s(-4). Let i = 11 + 20. Let v be -1 - (1 - 2*i). Calculate the greatest common divisor of z and v.
12
Suppose -3*p - 8 + 17 = 0. Let j be (-7)/((-2*1)/2). Suppose 2*h - 242 = p*d, 3*h - j*h + 440 = 5*d. What is the greatest common factor of h and 23?
23
Let d(o) = 13*o - 1. Let x be d(5). Calculate the highest common factor of 8 and x.
8
Let g be (48/52)/6 + (-1857)/(-13). What is the greatest common divisor of 13 and g?
13
Let m(v) = -v - 4. Let i be m(-7). Suppose -i*b + 215 = 2*b. Suppose -4*z + 5 = -b. Calculate the highest common factor of 36 and z.
12
Suppose 3*m + 2*m - 130 = 0. Let p be ((-5)/5)/((-2)/m). Let a = -118 - -222. What is the greatest common divisor of a and p?
13
Let t(w) = w**3 - w**2 + 30. Let l be t(0). What is the greatest common divisor of l and 6?
6
Let j(z) = z + 15. Let d be j(-12). Let b = 3 + -3. Suppose -4 = d*v + 4*m - 37, 3*m = b. Calculate the greatest common divisor of 77 and v.
11
Suppose 5*g - 5*o - 117 = 78, 9 = -3*o. Calculate the greatest common divisor of g and 24.
12
Let m(u) = -u**2 + 19*u - 40. Let h be m(13). Calculate the highest common divisor of h and 133.
19
Let g = -27 - -56. Calculate the highest common factor of 29 and g.
29
Suppose 3*n - 44 = -l, 4*n - 2*n - l - 26 = 0. Suppose t + t = 84. Calculate the highest common factor of t and n.
14
Let w = -17 - -14. Let k(u) = 4*u**2 - 3*u - 1. Let n be k(w). What is the greatest common factor of n and 110?
22
Let h be (0 + -4)*19/(-4). Calculate the greatest common factor of 19 and h.
19
Suppose -3*t = 12, g - 5*t = -3*g + 56. What is the highest common divisor of 3 and g?
3
Let q be 4*(-3)/18*-72. What is the highest common factor of 24 and q?
24
Let g be (34/(-2))/(4/(-20)). What is the highest common factor of 17 and g?
17
Let n(t) = -t**2 - 16*t + 4. Let b be n(-12). Let w = 19 - 6. Calculate the highest common divisor of w and b.
13
Let f(g) = -10*g**3 + 5*g**2 + 2*g + 3. Let b be f(-2). Calculate the greatest common factor of 33 and b.
33
Let a be 0/(4 + (0 - 2)) - -36. Calculate the highest common factor of 24 and a.
12
Suppose 55*z - 612 = 49*z. Calculate t